{"version":"1.0","provider_name":"Malambo Radio","provider_url":"https:\/\/malamboradio.com\/web","author_name":"MalamboAdmin","author_url":"https:\/\/malamboradio.com\/web\/author\/malamboadmin\/","title":"CAPTURAN Y DETIENEN A CRIMINAL DE LA MALETA EN BUCARAMANGA - Malambo Radio","type":"rich","width":600,"height":338,"html":"<blockquote class=\"wp-embedded-content\" data-secret=\"98xB9Nn87Z\"><a href=\"https:\/\/malamboradio.com\/web\/2022\/01\/17\/169456\/\">CAPTURAN Y DETIENEN A CRIMINAL DE LA MALETA EN BUCARAMANGA<\/a><\/blockquote><iframe sandbox=\"allow-scripts\" security=\"restricted\" src=\"https:\/\/malamboradio.com\/web\/2022\/01\/17\/169456\/embed\/#?secret=98xB9Nn87Z\" width=\"600\" height=\"338\" title=\"&#8220;CAPTURAN Y DETIENEN A CRIMINAL DE LA MALETA EN BUCARAMANGA&#8221; &#8212; Malambo Radio\" data-secret=\"98xB9Nn87Z\" frameborder=\"0\" marginwidth=\"0\" marginheight=\"0\" scrolling=\"no\" class=\"wp-embedded-content\"><\/iframe><script type=\"text\/javascript\">\n\/*! This file is auto-generated *\/\n!function(c,d){\"use strict\";var e=!1,o=!1;if(d.querySelector)if(c.addEventListener)e=!0;if(c.wp=c.wp||{},c.wp.receiveEmbedMessage);else if(c.wp.receiveEmbedMessage=function(e){var t=e.data;if(!t);else if(!(t.secret||t.message||t.value));else if(\/[^a-zA-Z0-9]\/.test(t.secret));else{for(var r,s,a,i=d.querySelectorAll('iframe[data-secret=\"'+t.secret+'\"]'),n=d.querySelectorAll('blockquote[data-secret=\"'+t.secret+'\"]'),o=new RegExp(\"^https?:$\",\"i\"),l=0;l<n.length;l++)n[l].style.display=\"none\";for(l=0;l<i.length;l++)if(r=i[l],e.source!==r.contentWindow);else{if(r.removeAttribute(\"style\"),\"height\"===t.message){if(1e3<(s=parseInt(t.value,10)))s=1e3;else if(~~s<200)s=200;r.height=s}if(\"link\"===t.message)if(s=d.createElement(\"a\"),a=d.createElement(\"a\"),s.href=r.getAttribute(\"src\"),a.href=t.value,!o.test(a.protocol));else if(a.host===s.host)if(d.activeElement===r)c.top.location.href=t.value}}},e)c.addEventListener(\"message\",c.wp.receiveEmbedMessage,!1),d.addEventListener(\"DOMContentLoaded\",t,!1),c.addEventListener(\"load\",t,!1);function t(){if(o);else{o=!0;for(var e,t,r,s=-1!==navigator.appVersion.indexOf(\"MSIE 10\"),a=!!navigator.userAgent.match(\/Trident.*rv:11\\.\/),i=d.querySelectorAll(\"iframe.wp-embedded-content\"),n=0;n<i.length;n++){if(!(r=(t=i[n]).getAttribute(\"data-secret\")))r=Math.random().toString(36).substr(2,10),t.src+=\"#?secret=\"+r,t.setAttribute(\"data-secret\",r);if(s||a)(e=t.cloneNode(!0)).removeAttribute(\"security\"),t.parentNode.replaceChild(e,t);t.contentWindow.postMessage({message:\"ready\",secret:r},\"*\")}}}}(window,document);\n<\/script>\n","thumbnail_url":"https:\/\/malamboradio.com\/web\/wp-content\/uploads\/2022\/01\/depositphotos_128988822-stock-photo-bucaramanga-santander-cityscape.jpg","thumbnail_width":1023,"thumbnail_height":683,"description":"Desafortunamente la imagen de la ciudad de Bucaramanga se ha visto empa\u00f1ada ante la barbarie del ex agente de policia, quien ante un juez de control de garant\u00edas de esta ciudad, este domingo, Ardila confes\u00f3 que asesin\u00f3 a la joven, trabajadora sexual, \u201cporque no ten\u00eda dinero para pagarle por sus servicios\u201d,. Hombre que asesin\u00f3 y..."}

Desafortunamente la imagen de la ciudad de Bucaramanga se ha visto empañada ante la barbarie del ex agente de policia, quien ante un juez de control de garantías de esta ciudad, este domingo, Ardila confesó que asesinó a la joven, trabajadora sexual, “porque no tenía dinero para pagarle por sus servicios”,. Hombre que asesinó y...
