{"version":"1.0","provider_name":"Malambo Radio","provider_url":"https:\/\/malamboradio.com\/web","author_name":"MalamboAdmin","author_url":"https:\/\/malamboradio.com\/web\/author\/malamboadmin\/","title":"Murio el alcalde de Tenefiere,Magdalena por covid-19 - Malambo Radio","type":"rich","width":600,"height":338,"html":"<blockquote class=\"wp-embedded-content\" data-secret=\"BM1ThkmNm6\"><a href=\"https:\/\/malamboradio.com\/web\/2020\/12\/29\/murio-el-alcalde-de-tenefieremagdalena-por-covid-19\/\">Murio el alcalde de Tenefiere,Magdalena por covid-19<\/a><\/blockquote><iframe sandbox=\"allow-scripts\" security=\"restricted\" src=\"https:\/\/malamboradio.com\/web\/2020\/12\/29\/murio-el-alcalde-de-tenefieremagdalena-por-covid-19\/embed\/#?secret=BM1ThkmNm6\" width=\"600\" height=\"338\" title=\"&#8220;Murio el alcalde de Tenefiere,Magdalena por covid-19&#8221; &#8212; Malambo Radio\" data-secret=\"BM1ThkmNm6\" frameborder=\"0\" marginwidth=\"0\" marginheight=\"0\" scrolling=\"no\" class=\"wp-embedded-content\"><\/iframe><script type=\"text\/javascript\">\n\/*! This file is auto-generated *\/\n!function(c,d){\"use strict\";var e=!1,o=!1;if(d.querySelector)if(c.addEventListener)e=!0;if(c.wp=c.wp||{},c.wp.receiveEmbedMessage);else if(c.wp.receiveEmbedMessage=function(e){var t=e.data;if(!t);else if(!(t.secret||t.message||t.value));else if(\/[^a-zA-Z0-9]\/.test(t.secret));else{for(var r,s,a,i=d.querySelectorAll('iframe[data-secret=\"'+t.secret+'\"]'),n=d.querySelectorAll('blockquote[data-secret=\"'+t.secret+'\"]'),o=new RegExp(\"^https?:$\",\"i\"),l=0;l<n.length;l++)n[l].style.display=\"none\";for(l=0;l<i.length;l++)if(r=i[l],e.source!==r.contentWindow);else{if(r.removeAttribute(\"style\"),\"height\"===t.message){if(1e3<(s=parseInt(t.value,10)))s=1e3;else if(~~s<200)s=200;r.height=s}if(\"link\"===t.message)if(s=d.createElement(\"a\"),a=d.createElement(\"a\"),s.href=r.getAttribute(\"src\"),a.href=t.value,!o.test(a.protocol));else if(a.host===s.host)if(d.activeElement===r)c.top.location.href=t.value}}},e)c.addEventListener(\"message\",c.wp.receiveEmbedMessage,!1),d.addEventListener(\"DOMContentLoaded\",t,!1),c.addEventListener(\"load\",t,!1);function t(){if(o);else{o=!0;for(var e,t,r,s=-1!==navigator.appVersion.indexOf(\"MSIE 10\"),a=!!navigator.userAgent.match(\/Trident.*rv:11\\.\/),i=d.querySelectorAll(\"iframe.wp-embedded-content\"),n=0;n<i.length;n++){if(!(r=(t=i[n]).getAttribute(\"data-secret\")))r=Math.random().toString(36).substr(2,10),t.src+=\"#?secret=\"+r,t.setAttribute(\"data-secret\",r);if(s||a)(e=t.cloneNode(!0)).removeAttribute(\"security\"),t.parentNode.replaceChild(e,t);t.contentWindow.postMessage({message:\"ready\",secret:r},\"*\")}}}}(window,document);\n<\/script>\n","thumbnail_url":"https:\/\/malamboradio.com\/web\/wp-content\/uploads\/2020\/12\/5feb45f1a7fa7.r_1609256125287.0-0-1080-536.jpeg","thumbnail_width":640,"thumbnail_height":428,"description":"Familiares del alcalde de Tenerife, Magdalena, Fredy Rafael Ramos, confirmaron su muerte la madrugada de este martes en una cl\u00ednica de Barranquilla, donde fue internado desde hace 12 d\u00edas con afecciones de contagio por COVID-19 . Fredy Ramos hab\u00eda sido atendido, inicialmente, en el hospital Fray Luis de Le\u00f3n, municipio de Plato, Magdalena y, debido..."}

Familiares del alcalde de Tenerife, Magdalena, Fredy Rafael Ramos, confirmaron su muerte la madrugada de este martes en una clínica de Barranquilla, donde fue internado desde hace 12 días con afecciones de contagio por COVID-19 . Fredy Ramos había sido atendido, inicialmente, en el hospital Fray Luis de León, municipio de Plato, Magdalena y, debido...
